t u(p) = -p**3 + 3*p**2 + 660*p - 71. Calculate u(-25).
929
Let y(n) = 3*n**2 + 46*n - 3384. What is y(27)?
45
Let f(w) = 2720*w**2 + 3410*w + 3414. What is f(-1)?
2724
Let p(l) = -3669*l - 465962. What is p(-127)?
1
Let s(u) = -2*u**3 - 568*u**2 - 14336*u + 6. Give s(-28).
6
Let y(t) = 9*t**2 + 605*t - 474. What is y(-68)?
2
Let s(k) = -k**2 + 1207*k - 51173. What is s(44)?
-1
Let m(p) = -23*p**2 + 65*p + 372. What is m(-3)?
-30
Let i(a) = 8860*a - 132870. Determine i(15).
30
Let v(g) = 84734*g - 508500. What is v(6)?
-96
Let x(s) = -2*s**3 + 3*s**2 + 51*s + 9. Give x(6).
-9
Let g(c) = 2881*c + 186242. What is g(-65)?
-1023
Let q(y) = 2231*y + 608982. What is q(-273)?
-81
Let y(a) = -11*a**2 - 6546*a + 191254. Calculate y(-623).
-7
Let p(t) = -67*t**3 - 2*t**2 + 510*t - 1501. Calculate p(3).
-1798
Let y(n) = -18*n + 5892. Determine y(135).
3462
Let f(m) = -8054*m + 34299. What is f(4)?
2083
Let c(k) = 11*k**2 - 7877*k - 15076. What is c(718)?
2
Let c(l) = 2*l**2 + 73*l + 337. Give c(-5).
22
Let u(q) = 2*q**3 + 15*q**2 - 61*q + 519. Calculate u(-12).
-45
Let b(x) = 2*x**2 - 27226*x + 244845. Give b(9).
-27
Let x(o) = -6*o**3 - 574*o**2 - 373*o + 200. Determine x(-1).
5
Let t(x) = -2*x**3 - 1396*x**2 + 8601*x + 107698. What is t(-704)?
-14
Let k(j) = -118*j**2 - 1228*j + 10. Calculate k(-10).
490
Let r(t) = t**2 - 3002*t + 329252. Give r(114).
20
Let p(n) = -n**3 + 74*n**2 + 339*n - 14201. Determine p(76).
11
Let p(f) = f**2 + 5146*f + 61678. Give p(-12).
70
Let i(b) = 180*b + 8239. What is i(-49)?
-581
Let l(h) = -38*h**2 - 98*h - 7. Calculate l(1).
-143
Let h(y) = -1194*y + 290099. Determine h(243).
-43
Let v(s) = -30*s**2 - 188*s + 880. Calculate v(5).
-810
Let x(l) = -l**3 - 92*l**2 + 180*l - 4235. Give x(-94).
-3483
Let l(t) = -11928*t + 84002. Calculate l(7).
506
Let w(q) = q**2 + 2233*q + 986968. Determine w(-607).
-14
Let k(t) = 2*t**2 + 61*t - 1671261. Calculate k(899).
-20
Let h(u) = 10972*u + 64688. What is h(-6)?
-1144
Let g(i) = 513*i**2 - 72789*i - 8070. Calculate g(142).
24
Let n(d) = 1192*d + 1115712. What is n(-936)?
0
Let u(k) = -196*k + 5877. Calculate u(29).
193
Let l(z) = -38*z**3 + 3*z**2 + 42*z - 114. What is l(3)?
-987
Let w(t) = -2*t**2 + 223*t + 2255. What is w(-10)?
-175
Let f(n) = n**3 - 3*n**2 - 368*n - 24. What is f(21)?
186
Let n(a) = -a**3 + 6*a**2 - 585*a + 1744. What is n(3)?
16
Let k(y) = -2*y**3 - 9*y**2 + 243*y - 646. What is k(3)?
-52
Let n(s) = 18*s**3 - 7*s**2 - 355*s - 1386. What is n(-4)?
-1230
Let n(r) = r**2 - 379*r + 28137. Calculate n(102).
-117
Let h(b) = -15581*b - 34434016. What is h(-2210)?
-6
Let k(w) = 7*w**2 - 751*w + 2284. What is k(3)?
94
Let x(b) = 13697*b + 54724. Calculate x(-4).
-64
Let n(f) = -150*f**2 - 38*f + 34. What is n(1)?
-154
Let u(t) = -3*t**3 + 31*t**2 + 1508*t - 507. Calculate u(28).
165
Let n(d) = -761*d + 19393. Give n(25).
368
Let j(a) = 26326*a + 473871. What is j(-18)?
3
Let t(b) = -b**3 + 12*b**2 + 22*b + 5. What is t(-6)?
521
Let y(r) = -3*r**3 + 46*r**2 + 136*r - 35. What is y(-3)?
52
Let h(i) = -5*i**3 - 2*i**2 - 80*i - 158. Calculate h(-2).
34
Let n(y) = 1431*y**2 - 387*y + 6. What is n(1)?
1050
Let d(s) = -s**3 + 21*s**2 - 83*s - 238. Determine d(19).
-1093
Let z(r) = -1038*r + 114256. What is z(110)?
76
Let m(b) = -4409*b + 648121. Calculate m(147).
-2
Let v(y) = -12757*y + 152903. Determine v(12).
-181
Let f(v) = -75*v**2 - 12402*v - 4453. What is f(-165)?
2
Let i(o) = -7*o**2 + 381*o + 1543. What is i(58)?
93
Let m(n) = -2*n**2 + 7327*n - 87670. Give m(12).
-34
Let i(d) = 361*d**2 + 10882*d + 1582. Determine i(-30).
22
Let w(z) = 6*z**3 - 1691*z**2 + 19168*z + 548. What is w(270)?
8
Let v(q) = 1360*q - 2298. Give v(3).
1782
Let m(a) = 605*a**2 + 16330*a - 160. Give m(-27).
-25
Let d(r) = -47*r**2 + 537*r + 1664. Determine d(14).
-30
Let j(c) = c**3 + 15*c**2 + 118*c + 49. What is j(-13)?
-1147
Let z(n) = -8*n**2 - 13745*n - 13. Determine z(0).
-13
Let u(w) = 10*w**2 - 128*w - 104. Give u(12).
-200
Let n(p) = p**3 - 5*p**2 - 1993*p + 5987. Give n(3).
-10
Let o(n) = 986*n + 4037. Calculate o(-3).
1079
Let s(y) = y**3 - 15*y**2 + 54*y - 462. What is s(14)?
98
Let z(r) = -r**3 - 60*r**2 + 190*r + 627. What is z(-63)?
564
Let m(t) = -5491*t - 2844327. Calculate m(-518).
11
Let j(u) = -u**3 - 71*u**2 - 443*u - 529. Give j(-64).
-849
Let i(g) = -7134*g - 35577. What is i(-5)?
93
Let d(x) = -593*x - 21155. What is d(-34)?
-993
Let l(d) = 964*d - 268096. Give l(278).
-104
Let t(g) = 2*g**3 + 143*g**2 - 2*g - 4595. Give t(-71).
588
Let s(l) = l**2 - 183*l - 7232. Give s(-33).
-104
Let w(a) = -14*a**3 + 1378*a**2 - 1936*a - 397. What is w(97)?
-9
Let i(p) = -5*p**3 - 12*p**2 + 17*p - 55. Calculate i(-6).
491
Let m(g) = -244*g + 14472. Calculate m(58).
320
Let l(o) = -7620465*o - 7620460. Give l(-1).
5
Let w(u) = -u**3 - 12*u**2 - 74*u + 153. Give w(-8).
489
Let l(i) = -3*i**3 - 14*i**2 + 216*i + 1182. Determine l(-7).
13
Let o(f) = -2*f**2 - 257*f - 5165. Determine o(-26).
165
Let w(g) = 4*g**3 + 145*g**2 + 27*g - 4207. Give w(-6).
-13
Let t(h) = -h**3 + 1994*h**2 - 27716*h - 38. Give t(14).
18
Let o(m) = m**3 + 57*m**2 - 1353*m - 67684. Determine o(-61).
-35
Let k(n) = 122*n**2 - 406*n + 409. Give k(1).
125
Let p(i) = 8*i**3 - 61*i**2 + 28*i + 82. Determine p(5).
-303
Let k(r) = 11*r**3 + 25*r**2 + 28*r - 26. What is k(1)?
38
Let m(s) = 13*s**2 + 545*s - 13106. Determine m(-59).
-8
Let b(z) = -39*z**2 - 4912*z + 212483. What is b(-160)?
3
Let x(r) = r**3 - 177*r**2 + 3273*r + 460. Determine x(156).
-8
Let z(a) = -9*a - 2613. Calculate z(-287).
-30
Let y(l) = -174419*l + 2093019. Give y(12).
-9
Let x(d) = -60718*d + 2246589. Give x(37).
23
Let j(l) = 278*l**2 - 7*l - 1. What is j(-1)?
284
Let n(r) = -292122*r + 3505462. Determine n(12).
-2
Let a(c) = -17*c**2 + 462*c - 2377. What is a(7)?
24
Let n(f) = 3*f**3 + 38*f**2 - 453*f + 286. Determine n(7).
6
Let k(v) = v**3 + 2*v**2 + 999*v + 1991. Give k(-2).
-7
Let z(j) = -j**3 - 51*j**2 - 250*j - 227. Determine z(-47).
2687
Let w(x) = 2*x**3 - 148*x**2 - 30*x + 2425. Give w(74).
205
Let c(o) = -3386*o + 84202. Determine c(25).
-448
Let r(z) = -11168*z + 2926028. What is r(262)?
12
Let x(m) = -231*m + 51096. What is x(230)?
-2034
Let d(r) = -3437*r - 99723. Calculate d(-29).
-50
Let j(t) = -6*t**2 - 296*t + 255. Determine j(-45).
1425
Let u(s) = 2*s**2 + 1298*s - 484411. Give u(265).
9
Let a(h) = h**3 - 36*h**2 - 147*h + 4191. Calculate a(37).
121
Let q(c) = -7*c**3 + 84*c**2 - 17*c + 16. What is q(9)?
1564
Let i(t) = 6*t**2 - 854*t - 621. What is i(142)?
-905
Let z(m) = -m**3 + 166*m**2 + 160*m + 180. Give z(167).
-989
Let s(i) = i**3 - 285*i**2 + 11380*i - 944. Give s(237).
4
Let h(i) = i**2 - 120*i + 1921. Give h(38).
-1195
Let u(v) = v**3 - 65*v**2 - 1679*v + 249. Calculate u(85).
2034
Let g(b) = 7*b**3 - 83*b**2 - 63*b + 596. Determine g(12).
-16
Let h(k) = -7469*k - 44674. Determine h(-6).
140
Let b(j) = -1516*j - 37805. Give b(-25).
95
Let f(v) = -2*v**3 + 214*v**2 + 1171*v - 125300. Determine f(107).
-3
Let z(t) = -11*t + 145. Give z(-4).
189
Let l(o) = -262*o - 11562. What is l(-33)?
-2916
Let a(s) = s**3 + 1574*s**2 + 23374*s - 156. Determine a(-15).
9
Let f(h) = -h**3 - 328*h**2 + 984*h - 2928. Determine f(-331).
51
Let h(l) = 127*l - 3701. Give h(29).
-18
Let i(n) = -n**3 - 407*n**2 - 3367*n - 69826. Give i(-399).
-1
Let r(q) = -2*q**3 + 88*q**2 - 162*q - 2877. Give r(41).
567
Let w(v) = -2*v**3 - 33*v**2 + 45*v - 254. What is w(-18)?
-92
Let m(v) = -53*v - 2676. Give m(-57).
345
Let u(l) = l**3 - 108*l**2 - 3022*l + 1173. Determine u(131).
-6
Let o(i) = 408*i + 9394. Determine o(-13).
4090
Let a(q) = 56601*q + 396203. Give a(-7).
-4
Let o(w) = -4*w**2 + 172*w + 549. Determine o(47).
-203
Let j(i) = 1044*i + 1156. Calculate j(-3).
-1976
Let b(c) = -2*c**3 + 26*c**2 + 614*c - 375. Determine b(25).
-25
Let v(r) = -4*r**3 + 20*r**2 + 127*r - 6. Give v(9).
-159
Let s(x) = -5295*x + 1392589. Determine s(263).
4
Let h(f) = -f**3 - 40*f**2 - f + 4237. Calculate h(-37).
167
Let a(s) = -249*s**2 - 120*s + 151. Give a(-1).
22
Let w(m) = -3*m**2 + 1817*m - 101120. Give w(62).
2
Let y(w) = -w**2 + 19*w + 3858. Calculate y(-53).
42
Let z(d) = -77*d**3 - 3*d**2 + 3*d + 8. Give z(3).
-2089
Let o(g) = -585*g - 15282. Determin